{"id":26,"date":"2026-02-09T10:37:11","date_gmt":"2026-02-09T15:37:11","guid":{"rendered":"https:\/\/ntremblay.dectim.ca\/digico\/?page_id=26"},"modified":"2026-05-11T10:12:01","modified_gmt":"2026-05-11T14:12:01","slug":"a-propos","status":"publish","type":"page","link":"https:\/\/ntremblay.dectim.ca\/digico\/a-propos\/","title":{"rendered":"\u00c0 propos"},"content":{"rendered":"\n<div class=\"wp-block-cover alignfull has-aspect-ratio\" style=\"padding-top:250px;padding-bottom:250px;min-height:564px;aspect-ratio:auto;min-height:unset;\"><img loading=\"lazy\" decoding=\"async\" width=\"1440\" height=\"564\" class=\"wp-block-cover__image-background wp-image-277 size-full\" alt=\"\" src=\"https:\/\/ntremblay.dectim.ca\/digico\/wp-content\/uploads\/2026\/02\/Desktop-11.jpg\" data-object-fit=\"cover\" srcset=\"https:\/\/ntremblay.dectim.ca\/digico\/wp-content\/uploads\/2026\/02\/Desktop-11.jpg 1440w, https:\/\/ntremblay.dectim.ca\/digico\/wp-content\/uploads\/2026\/02\/Desktop-11-300x118.jpg 300w, https:\/\/ntremblay.dectim.ca\/digico\/wp-content\/uploads\/2026\/02\/Desktop-11-1024x401.jpg 1024w, https:\/\/ntremblay.dectim.ca\/digico\/wp-content\/uploads\/2026\/02\/Desktop-11-768x301.jpg 768w\" sizes=\"auto, (max-width: 1440px) 100vw, 1440px\" \/><span aria-hidden=\"true\" class=\"wp-block-cover__background has-black-background-color has-background-dim-70 has-background-dim\"><\/span><div class=\"wp-block-cover__inner-container is-layout-constrained wp-container-core-cover-is-layout-891c9861 wp-block-cover-is-layout-constrained\">\n<h2 class=\"wp-block-heading has-text-align-left has-white-color has-text-color has-link-color wp-elements-dfbb826e9663806abfde86294a740723\" style=\"font-size:64px\">Qui sommes-nous!<\/h2>\n\n\n\n<div class=\"wp-block-group is-layout-constrained wp-container-core-group-is-layout-ba75fb5d wp-block-group-is-layout-constrained\" style=\"padding-left:var(--wp--preset--spacing--50)\">\n<h2 class=\"wp-block-heading has-ast-global-color-4-color has-text-color has-link-color wp-elements-2e1a08df9892cc15395c5923c33bf0cd\">Apprenez \u00e0 nous conna\u00eetre<\/h2>\n<\/div>\n<\/div><\/div>\n\n\n\n<div class=\"wp-block-group alignfull has-ast-global-color-4-background-color has-background is-layout-constrained wp-block-group-is-layout-constrained\" style=\"margin-top:0;margin-bottom:0;padding-top:var(--wp--preset--spacing--80);padding-bottom:var(--wp--preset--spacing--80);font-size:0px\">\n<div class=\"wp-block-group is-content-justification-space-between is-nowrap is-layout-flex wp-container-core-group-is-layout-cb46ffcb wp-block-group-is-layout-flex\">\n<figure class=\"wp-block-image size-full has-custom-border animated slideInLeft wp-container-content-9637d661\"><img loading=\"lazy\" decoding=\"async\" width=\"481\" height=\"475\" src=\"https:\/\/ntremblay.dectim.ca\/digico\/wp-content\/uploads\/2026\/02\/Rectangle-15.jpg\" alt=\"\" class=\"wp-image-281\" style=\"border-top-left-radius:26px;border-top-right-radius:26px;border-bottom-left-radius:26px;border-bottom-right-radius:26px;object-fit:cover\" srcset=\"https:\/\/ntremblay.dectim.ca\/digico\/wp-content\/uploads\/2026\/02\/Rectangle-15.jpg 481w, https:\/\/ntremblay.dectim.ca\/digico\/wp-content\/uploads\/2026\/02\/Rectangle-15-300x296.jpg 300w\" sizes=\"auto, (max-width: 481px) 100vw, 481px\" \/><\/figure>\n\n\n\n<div class=\"wp-block-group has-ast-global-color-0-background-color has-background is-vertical is-content-justification-center is-layout-flex wp-container-core-group-is-layout-12a5c12f wp-block-group-is-layout-flex\" style=\"border-top-left-radius:26px;border-top-right-radius:26px;border-bottom-left-radius:26px;border-bottom-right-radius:26px;min-height:475px;padding-top:40px;padding-right:40px;padding-bottom:40px;padding-left:40px\">\n<h2 class=\"wp-block-heading has-text-align-center has-white-color has-text-color has-link-color has-x-large-font-size wp-elements-6ed6d719b677d779660bf1ebe362472a\" style=\"font-style:normal;font-weight:700\">Notre \u00e9nergie<\/h2>\n\n\n\n<p class=\"has-text-align-left has-white-color has-text-color has-link-color wp-elements-ff716d0176d5729ba2a9d11bb6d57a67\" style=\"font-size:24px\">Nous sommes une \u00e9quipe de formateurs passionn\u00e9s qui souhaitent faire une diff\u00e9rence dans les projets que nous entreprenons. Nous sommes une \u00e9quipe unie qui adore cr\u00e9er.<\/p>\n<\/div>\n<\/div>\n\n\n\n<div class=\"wp-block-group is-content-justification-space-between is-nowrap is-layout-flex wp-container-core-group-is-layout-cb46ffcb wp-block-group-is-layout-flex\">\n<div class=\"wp-block-group has-ast-global-color-0-background-color has-background is-vertical is-content-justification-center is-layout-flex wp-container-core-group-is-layout-7d218c01 wp-block-group-is-layout-flex\" style=\"border-top-left-radius:26px;border-top-right-radius:26px;border-bottom-left-radius:26px;border-bottom-right-radius:26px;min-height:475px;padding-top:40px;padding-right:40px;padding-bottom:40px;padding-left:40px\">\n<h2 class=\"wp-block-heading has-text-align-center has-white-color has-text-color has-link-color has-x-large-font-size wp-elements-c93fd4cef22ba5efe71925caee53c6f1\" style=\"font-style:normal;font-weight:700\">Des jeune passionn\u00e9<\/h2>\n\n\n\n<p class=\"has-text-align-left has-white-color has-text-color has-link-color wp-elements-9986777c89666a13b75008661e159c44\" style=\"font-size:24px\">Notre \u00e9quipe est compos\u00e9 de jeune finissant dipl\u00f4m\u00e9 dans le domaine du multim\u00e9dia et son pr\u00eat a offrir des services explications.<\/p>\n<\/div>\n\n\n\n<figure class=\"wp-block-image size-full has-custom-border animated slideInRight wp-container-content-3cf5a658\"><img loading=\"lazy\" decoding=\"async\" width=\"1200\" height=\"801\" src=\"https:\/\/ntremblay.dectim.ca\/digico\/wp-content\/uploads\/2026\/04\/unsplash_AgLaCFzB0s8.png\" alt=\"\" class=\"wp-image-1381\" style=\"border-top-left-radius:26px;border-top-right-radius:26px;border-bottom-left-radius:26px;border-bottom-right-radius:26px;aspect-ratio:1;object-fit:cover\" srcset=\"https:\/\/ntremblay.dectim.ca\/digico\/wp-content\/uploads\/2026\/04\/unsplash_AgLaCFzB0s8.png 1200w, https:\/\/ntremblay.dectim.ca\/digico\/wp-content\/uploads\/2026\/04\/unsplash_AgLaCFzB0s8-300x200.png 300w, https:\/\/ntremblay.dectim.ca\/digico\/wp-content\/uploads\/2026\/04\/unsplash_AgLaCFzB0s8-1024x684.png 1024w, https:\/\/ntremblay.dectim.ca\/digico\/wp-content\/uploads\/2026\/04\/unsplash_AgLaCFzB0s8-768x513.png 768w, https:\/\/ntremblay.dectim.ca\/digico\/wp-content\/uploads\/2026\/04\/unsplash_AgLaCFzB0s8-500x334.png 500w, https:\/\/ntremblay.dectim.ca\/digico\/wp-content\/uploads\/2026\/04\/unsplash_AgLaCFzB0s8-800x534.png 800w\" sizes=\"auto, (max-width: 1200px) 100vw, 1200px\" \/><\/figure>\n<\/div>\n<\/div>\n\n\n\n<div class=\"wp-block-nk-awb nk-awb alignfull has-medium-font-size\" style=\"padding-top:250px;padding-bottom:250px\"><div class=\"nk-awb-wrap\" data-awb-type=\"color\"><div class=\"nk-awb-overlay\" style=\"background: #00000096;\"><\/div><\/div><div class=\"nk-awb-wrap-content is-layout-constrained wp-block-nk-awb-is-layout-constrained\">\n<figure class=\"wp-block-image aligncenter size-full is-resized\"><img loading=\"lazy\" decoding=\"async\" width=\"1108\" height=\"520\" src=\"https:\/\/ntremblay.dectim.ca\/digico\/wp-content\/uploads\/2026\/03\/Digico-2-1-1.png\" alt=\"\" class=\"wp-image-635\" style=\"width:445px;height:auto\" srcset=\"https:\/\/ntremblay.dectim.ca\/digico\/wp-content\/uploads\/2026\/03\/Digico-2-1-1.png 1108w, https:\/\/ntremblay.dectim.ca\/digico\/wp-content\/uploads\/2026\/03\/Digico-2-1-1-300x141.png 300w, https:\/\/ntremblay.dectim.ca\/digico\/wp-content\/uploads\/2026\/03\/Digico-2-1-1-1024x481.png 1024w, https:\/\/ntremblay.dectim.ca\/digico\/wp-content\/uploads\/2026\/03\/Digico-2-1-1-768x360.png 768w\" sizes=\"auto, (max-width: 1108px) 100vw, 1108px\" \/><\/figure>\n\n\n\n<div class=\"wp-block-group is-vertical is-content-justification-center is-layout-flex wp-container-core-group-is-layout-ce155fab wp-block-group-is-layout-flex\">\n<h1 class=\"wp-block-heading has-text-align-center has-white-color has-text-color has-link-color wp-elements-1f5d8580811ceac751f6026323e3ac23\">Venez rejoindre notre \u00e9quipe de passionner<\/h1>\n\n\n\n<div class=\"wp-block-group is-vertical is-content-justification-center is-layout-flex wp-container-core-group-is-layout-b7fdf49e wp-block-group-is-layout-flex\" style=\"padding-top:0;padding-right:0;padding-bottom:0;padding-left:0\">\n<div class=\"wp-block-buttons is-content-justification-center is-layout-flex wp-container-core-buttons-is-layout-ee474e32 wp-block-buttons-is-layout-flex\" style=\"padding-top:0;padding-right:0;padding-bottom:0;padding-left:0\">\n<div class=\"wp-block-button\"><a class=\"wp-block-button__link has-medium-font-size has-custom-font-size wp-element-button\">Joindre l\u2019\u00e9quipe<\/a><\/div>\n<\/div>\n<\/div>\n<\/div>\n<\/div><\/div>\n\n\n\n<div class=\"wp-block-group is-layout-grid wp-container-core-group-is-layout-6f9da19d wp-block-group-is-layout-grid\">\n<figure class=\"wp-block-image size-full wp-container-content-ab6844ec\"><img loading=\"lazy\" decoding=\"async\" width=\"800\" height=\"800\" src=\"https:\/\/ntremblay.dectim.ca\/digico\/wp-content\/uploads\/2026\/02\/Property-1Variant2.png\" alt=\"\" class=\"wp-image-1932\" style=\"object-fit:cover\" srcset=\"https:\/\/ntremblay.dectim.ca\/digico\/wp-content\/uploads\/2026\/02\/Property-1Variant2.png 800w, https:\/\/ntremblay.dectim.ca\/digico\/wp-content\/uploads\/2026\/02\/Property-1Variant2-300x300.png 300w, https:\/\/ntremblay.dectim.ca\/digico\/wp-content\/uploads\/2026\/02\/Property-1Variant2-150x150.png 150w, https:\/\/ntremblay.dectim.ca\/digico\/wp-content\/uploads\/2026\/02\/Property-1Variant2-768x768.png 768w, https:\/\/ntremblay.dectim.ca\/digico\/wp-content\/uploads\/2026\/02\/Property-1Variant2-500x500.png 500w\" sizes=\"auto, (max-width: 800px) 100vw, 800px\" \/><\/figure>\n\n\n\n<div class=\"wp-block-group wp-container-content-2155ee95 is-vertical is-content-justification-center is-layout-flex wp-container-core-group-is-layout-b6c1f246 wp-block-group-is-layout-flex\">\n<h2 class=\"wp-block-heading has-ast-global-color-6-color has-text-color has-link-color wp-elements-732e657f5d0b24271a5192eecc3a6a19\" style=\"font-size:40px;font-style:normal;font-weight:700\">Service Design Web<\/h2>\n\n\n\n<p style=\"font-size:20px\">Cr\u00e9ation compl\u00e8te de sites web&nbsp;: design, programmation, int\u00e9gration. Plusieurs maquettes pour approbation.<br><\/p>\n\n\n\n<div class=\"wp-block-buttons is-layout-flex wp-block-buttons-is-layout-flex\">\n<div class=\"wp-block-button\"><a class=\"wp-block-button__link has-ast-global-color-1-color has-text-color has-link-color has-border-color has-ast-global-color-1-border-color wp-element-button\">&lt; En savoir<\/a><\/div>\n<\/div>\n<\/div>\n\n\n\n<figure class=\"wp-block-image size-large has-custom-border\"><img loading=\"lazy\" decoding=\"async\" width=\"1024\" height=\"683\" src=\"https:\/\/ntremblay.dectim.ca\/digico\/wp-content\/uploads\/2026\/05\/premium_photo-1661326291059-eb076cc5bdd6-1024x683.avif\" alt=\"\" class=\"wp-image-1418\" style=\"border-top-left-radius:10px;border-top-right-radius:10px;border-bottom-left-radius:10px;border-bottom-right-radius:10px;aspect-ratio:1;object-fit:cover\" srcset=\"https:\/\/ntremblay.dectim.ca\/digico\/wp-content\/uploads\/2026\/05\/premium_photo-1661326291059-eb076cc5bdd6-1024x683.avif 1024w, https:\/\/ntremblay.dectim.ca\/digico\/wp-content\/uploads\/2026\/05\/premium_photo-1661326291059-eb076cc5bdd6-300x200.avif 300w, https:\/\/ntremblay.dectim.ca\/digico\/wp-content\/uploads\/2026\/05\/premium_photo-1661326291059-eb076cc5bdd6-768x512.avif 768w, https:\/\/ntremblay.dectim.ca\/digico\/wp-content\/uploads\/2026\/05\/premium_photo-1661326291059-eb076cc5bdd6-500x333.avif 500w, https:\/\/ntremblay.dectim.ca\/digico\/wp-content\/uploads\/2026\/05\/premium_photo-1661326291059-eb076cc5bdd6-800x533.avif 800w, https:\/\/ntremblay.dectim.ca\/digico\/wp-content\/uploads\/2026\/05\/premium_photo-1661326291059-eb076cc5bdd6.avif 1170w\" sizes=\"auto, (max-width: 1024px) 100vw, 1024px\" \/><\/figure>\n<\/div>\n\n\n\n<hr class=\"wp-block-separator has-text-color has-ast-global-color-8-color has-alpha-channel-opacity has-ast-global-color-8-background-color has-background is-style-wide\" style=\"margin-top:var(--wp--preset--spacing--40);margin-bottom:var(--wp--preset--spacing--40)\"\/>\n\n\n\n<div class=\"wp-block-group is-layout-grid wp-container-core-group-is-layout-6f9da19d wp-block-group-is-layout-grid\">\n<figure class=\"wp-block-image size-full has-custom-border\"><img loading=\"lazy\" decoding=\"async\" width=\"735\" height=\"980\" src=\"https:\/\/ntremblay.dectim.ca\/digico\/wp-content\/uploads\/2026\/05\/photo-1652404445394-99b607de5e95.avif\" alt=\"\" class=\"wp-image-1416\" style=\"border-top-left-radius:10px;border-top-right-radius:10px;border-bottom-left-radius:10px;border-bottom-right-radius:10px;aspect-ratio:1;object-fit:cover\" srcset=\"https:\/\/ntremblay.dectim.ca\/digico\/wp-content\/uploads\/2026\/05\/photo-1652404445394-99b607de5e95.avif 735w, https:\/\/ntremblay.dectim.ca\/digico\/wp-content\/uploads\/2026\/05\/photo-1652404445394-99b607de5e95-225x300.avif 225w, https:\/\/ntremblay.dectim.ca\/digico\/wp-content\/uploads\/2026\/05\/photo-1652404445394-99b607de5e95-500x667.avif 500w\" sizes=\"auto, (max-width: 735px) 100vw, 735px\" \/><\/figure>\n\n\n\n<div class=\"wp-block-group is-vertical is-content-justification-center is-layout-flex wp-container-core-group-is-layout-b6c1f246 wp-block-group-is-layout-flex\">\n<h2 class=\"wp-block-heading has-ast-global-color-6-color has-text-color has-link-color wp-elements-3fdf5d39e61508e20f470fa157bb441e\" style=\"font-size:40px;font-style:normal;font-weight:700\">Service Illustration<\/h2>\n\n\n\n<p style=\"font-size:20px\">Service de design cr\u00e9ant des visuels captivants refl\u00e9tant l\u2019image d\u2019entreprise.<\/p>\n\n\n\n<div class=\"wp-block-buttons is-layout-flex wp-block-buttons-is-layout-flex\">\n<div class=\"wp-block-button\"><a class=\"wp-block-button__link has-ast-global-color-1-color has-text-color has-link-color has-border-color has-ast-global-color-1-border-color wp-element-button\">En savoir &gt;<\/a><\/div>\n<\/div>\n<\/div>\n\n\n\n<figure class=\"wp-block-image size-full wp-container-content-ab6844ec\"><img loading=\"lazy\" decoding=\"async\" width=\"800\" height=\"800\" src=\"https:\/\/ntremblay.dectim.ca\/digico\/wp-content\/uploads\/2026\/02\/Property-1Variant4.png\" alt=\"\" class=\"wp-image-1931\" style=\"aspect-ratio:1;object-fit:cover\" srcset=\"https:\/\/ntremblay.dectim.ca\/digico\/wp-content\/uploads\/2026\/02\/Property-1Variant4.png 800w, https:\/\/ntremblay.dectim.ca\/digico\/wp-content\/uploads\/2026\/02\/Property-1Variant4-300x300.png 300w, https:\/\/ntremblay.dectim.ca\/digico\/wp-content\/uploads\/2026\/02\/Property-1Variant4-150x150.png 150w, https:\/\/ntremblay.dectim.ca\/digico\/wp-content\/uploads\/2026\/02\/Property-1Variant4-768x768.png 768w, https:\/\/ntremblay.dectim.ca\/digico\/wp-content\/uploads\/2026\/02\/Property-1Variant4-500x500.png 500w\" sizes=\"auto, (max-width: 800px) 100vw, 800px\" \/><\/figure>\n<\/div>\n\n\n\n<hr class=\"wp-block-separator has-text-color has-ast-global-color-8-color has-alpha-channel-opacity has-ast-global-color-8-background-color has-background is-style-wide\" style=\"margin-top:var(--wp--preset--spacing--40);margin-bottom:var(--wp--preset--spacing--70)\"\/>\n\n\n\n<div class=\"wp-block-group is-content-justification-center is-nowrap is-layout-flex wp-container-core-group-is-layout-9817af40 wp-block-group-is-layout-flex\" style=\"padding-right:0;padding-left:0\">\n<div class=\"wp-block-group is-vertical is-content-justification-center is-layout-flex wp-container-core-group-is-layout-4129f6c7 wp-block-group-is-layout-flex\" style=\"margin-top:var(--wp--preset--spacing--60);margin-bottom:var(--wp--preset--spacing--60)\">\n<div class=\"wp-block-group is-vertical is-content-justification-center is-layout-flex wp-container-core-group-is-layout-8ca27fd8 wp-block-group-is-layout-flex\" style=\"padding-top:0;padding-right:0;padding-bottom:0;padding-left:0\">\n<h2 class=\"wp-block-heading has-text-align-center has-black-color has-text-color has-link-color wp-elements-9836bc3f8d45b886e588b4a2d509dc92\">Venez soumettre une de vaux id\u00e9e <\/h2>\n\n\n\n<p class=\"has-text-align-center\">Votre nouvelle image commence ici<\/p>\n<\/div>\n\n\n\n<div class=\"wp-block-buttons is-content-justification-center is-layout-flex wp-container-core-buttons-is-layout-a89b3969 wp-block-buttons-is-layout-flex\">\n<div class=\"wp-block-button\"><a class=\"wp-block-button__link has-ast-global-color-1-color has-text-color has-link-color has-border-color has-ast-global-color-1-border-color has-text-align-center has-custom-font-size wp-element-button\" style=\"border-width:3px;border-top-left-radius:10px;border-top-right-radius:10px;border-bottom-left-radius:10px;border-bottom-right-radius:10px;font-size:24px;font-style:normal;font-weight:700\">Soumission<\/a><\/div>\n<\/div>\n<\/div>\n\n\n\n<figure class=\"wp-block-image size-large has-custom-border wp-container-content-0733e5d0\"><img loading=\"lazy\" decoding=\"async\" width=\"1024\" height=\"683\" src=\"https:\/\/ntremblay.dectim.ca\/digico\/wp-content\/uploads\/2026\/05\/photo-1773332585815-f106a5d6ed6c-1024x683.avif\" alt=\"\" class=\"wp-image-1413\" style=\"border-top-left-radius:10px;border-top-right-radius:10px;border-bottom-left-radius:10px;border-bottom-right-radius:10px;aspect-ratio:1;object-fit:cover\" srcset=\"https:\/\/ntremblay.dectim.ca\/digico\/wp-content\/uploads\/2026\/05\/photo-1773332585815-f106a5d6ed6c-1024x683.avif 1024w, https:\/\/ntremblay.dectim.ca\/digico\/wp-content\/uploads\/2026\/05\/photo-1773332585815-f106a5d6ed6c-300x200.avif 300w, https:\/\/ntremblay.dectim.ca\/digico\/wp-content\/uploads\/2026\/05\/photo-1773332585815-f106a5d6ed6c-768x512.avif 768w, https:\/\/ntremblay.dectim.ca\/digico\/wp-content\/uploads\/2026\/05\/photo-1773332585815-f106a5d6ed6c-500x333.avif 500w, https:\/\/ntremblay.dectim.ca\/digico\/wp-content\/uploads\/2026\/05\/photo-1773332585815-f106a5d6ed6c-800x533.avif 800w, https:\/\/ntremblay.dectim.ca\/digico\/wp-content\/uploads\/2026\/05\/photo-1773332585815-f106a5d6ed6c.avif 1170w\" sizes=\"auto, (max-width: 1024px) 100vw, 1024px\" \/><\/figure>\n<\/div>\n","protected":false},"excerpt":{"rendered":"<p>Notre \u00e9nergie Nous sommes une \u00e9quipe de formateurs passionn\u00e9s qui souhaitent faire une diff\u00e9rence dans les projets que nous entreprenons. [&hellip;]<\/p>\n","protected":false},"author":1,"featured_media":0,"parent":0,"menu_order":0,"comment_status":"closed","ping_status":"closed","template":"","meta":{"site-sidebar-layout":"default","site-content-layout":"","ast-site-content-layout":"default","site-content-style":"default","site-sidebar-style":"default","ast-global-header-display":"","ast-banner-title-visibility":"","ast-main-header-display":"","ast-hfb-above-header-display":"","ast-hfb-below-header-display":"","ast-hfb-mobile-header-display":"","site-post-title":"disabled","ast-breadcrumbs-content":"","ast-featured-img":"","footer-sml-layout":"","ast-disable-related-posts":"","theme-transparent-header-meta":"","adv-header-id-meta":"","stick-header-meta":"","header-above-stick-meta":"","header-main-stick-meta":"","header-below-stick-meta":"","astra-migrate-meta-layouts":"default","ast-page-background-enabled":"default","ast-page-background-meta":{"desktop":{"background-color":"var(--ast-global-color-5)","background-image":"","background-repeat":"repeat","background-position":"center center","background-size":"auto","background-attachment":"scroll","background-type":"","background-media":"","overlay-type":"","overlay-color":"","overlay-opacity":"","overlay-gradient":""},"tablet":{"background-color":"","background-image":"","background-repeat":"repeat","background-position":"center center","background-size":"auto","background-attachment":"scroll","background-type":"","background-media":"","overlay-type":"","overlay-color":"","overlay-opacity":"","overlay-gradient":""},"mobile":{"background-color":"","background-image":"","background-repeat":"repeat","background-position":"center center","background-size":"auto","background-attachment":"scroll","background-type":"","background-media":"","overlay-type":"","overlay-color":"","overlay-opacity":"","overlay-gradient":""}},"ast-content-background-meta":{"desktop":{"background-color":"var(--ast-global-color-4)","background-image":"","background-repeat":"repeat","background-position":"center center","background-size":"auto","background-attachment":"scroll","background-type":"","background-media":"","overlay-type":"","overlay-color":"","overlay-opacity":"","overlay-gradient":""},"tablet":{"background-color":"var(--ast-global-color-4)","background-image":"","background-repeat":"repeat","background-position":"center center","background-size":"auto","background-attachment":"scroll","background-type":"","background-media":"","overlay-type":"","overlay-color":"","overlay-opacity":"","overlay-gradient":""},"mobile":{"background-color":"var(--ast-global-color-4)","background-image":"","background-repeat":"repeat","background-position":"center center","background-size":"auto","background-attachment":"scroll","background-type":"","background-media":"","overlay-type":"","overlay-color":"","overlay-opacity":"","overlay-gradient":""}},"_themeisle_gutenberg_block_has_review":false,"footnotes":""},"class_list":["post-26","page","type-page","status-publish","hentry"],"_links":{"self":[{"href":"https:\/\/ntremblay.dectim.ca\/digico\/wp-json\/wp\/v2\/pages\/26","targetHints":{"allow":["GET"]}}],"collection":[{"href":"https:\/\/ntremblay.dectim.ca\/digico\/wp-json\/wp\/v2\/pages"}],"about":[{"href":"https:\/\/ntremblay.dectim.ca\/digico\/wp-json\/wp\/v2\/types\/page"}],"author":[{"embeddable":true,"href":"https:\/\/ntremblay.dectim.ca\/digico\/wp-json\/wp\/v2\/users\/1"}],"replies":[{"embeddable":true,"href":"https:\/\/ntremblay.dectim.ca\/digico\/wp-json\/wp\/v2\/comments?post=26"}],"version-history":[{"count":59,"href":"https:\/\/ntremblay.dectim.ca\/digico\/wp-json\/wp\/v2\/pages\/26\/revisions"}],"predecessor-version":[{"id":1939,"href":"https:\/\/ntremblay.dectim.ca\/digico\/wp-json\/wp\/v2\/pages\/26\/revisions\/1939"}],"wp:attachment":[{"href":"https:\/\/ntremblay.dectim.ca\/digico\/wp-json\/wp\/v2\/media?parent=26"}],"curies":[{"name":"wp","href":"https:\/\/api.w.org\/{rel}","templated":true}]}}